ainder when 19 is divided by 4.
3
Calculate the remainder when 199 is divided by 67.
65
Calculate the remainder when 521 is divided by 21.
17
Calculate the remainder when 7444 is divided by 146.
144
Calculate the remainder when 2816 is divided by 13.
8
What is the remainder when 158 is divided by 47?
17
Calculate the remainder when 105 is divided by 85.
20
What is the remainder when 134 is divided by 15?
14
What is the remainder when 588 is divided by 119?
112
Calculate the remainder when 170 is divided by 41.
6
Calculate the remainder when 745 is divided by 245.
10
Calculate the remainder when 15054 is divided by 5.
4
Calculate the remainder when 334 is divided by 199.
135
Calculate the remainder when 499 is divided by 203.
93
What is the remainder when 583 is divided by 195?
193
What is the remainder when 1301 is divided by 326?
323
What is the remainder when 6034 is divided by 12?
10
Calculate the remainder when 41 is divided by 21.
20
What is the remainder when 304 is divided by 6?
4
Calculate the remainder when 175 is divided by 23.
14
Calculate the remainder when 2196 is divided by 14.
12
What is the remainder when 71 is divided by 4?
3
Calculate the remainder when 227 is divided by 33.
29
What is the remainder when 27 is divided by 5?
2
Calculate the remainder when 711 is divided by 36.
27
What is the remainder when 39 is divided by 4?
3
Calculate the remainder when 186 is divided by 48.
42
What is the remainder when 25958 is divided by 20?
18
What is the remainder when 416 is divided by 204?
8
What is the remainder when 142 is divided by 30?
22
What is the remainder when 231 is divided by 34?
27
What is the remainder when 556 is divided by 13?
10
Calculate the remainder when 54 is divided by 10.
4
Calculate the remainder when 677 is divided by 59.
28
What is the remainder when 54559 is divided by 20?
19
What is the remainder when 1499 is divided by 92?
27
What is the remainder when 15088 is divided by 49?
45
Calculate the remainder when 173 is divided by 76.
21
What is the remainder when 132 is divided by 34?
30
Calculate the remainder when 125 is divided by 8.
5
Calculate the remainder when 50 is divided by 29.
21
Calculate the remainder when 65 is divided by 13.
0
Calculate the remainder when 8214 is divided by 11.
8
What is the remainder when 767 is divided by 80?
47
Calculate the remainder when 326 is divided by 63.
11
What is the remainder when 3656 is divided by 59?
57
Calculate the remainder when 884 is divided by 8.
4
Calculate the remainder when 596 is divided by 30.
26
Calculate the remainder when 577 is divided by 143.
5
What is the remainder when 170 is divided by 70?
30
What is the remainder when 333 is divided by 99?
36
What is the remainder when 523 is divided by 59?
51
What is the remainder when 10 is divided by 8?
2
Calculate the remainder when 159 is divided by 19.
7
Calculate the remainder when 702 is divided by 348.
6
Calculate the remainder when 458 is divided by 23.
21
Calculate the remainder when 177 is divided by 91.
86
What is the remainder when 152 is divided by 54?
44
What is the remainder when 413 is divided by 398?
15
What is the remainder when 160 is divided by 6?
4
Calculate the remainder when 18963 is divided by 22.
21
What is the remainder when 378 is divided by 64?
58
What is the remainder when 1899 is divided by 111?
12
Calculate the remainder when 47 is divided by 23.
1
What is the remainder when 1347 is divided by 27?
24
What is the remainder when 646 is divided by 248?
150
What is the remainder when 608 is divided by 7?
6
Calculate the remainder when 169 is divided by 10.
9
Calculate the remainder when 778 is divided by 775.
3
Calculate the remainder when 204 is divided by 42.
36
Calculate the remainder when 128 is divided by 60.
8
Calculate the remainder when 154 is divided by 13.
11
Calculate the remainder when 55 is divided by 16.
7
Calculate the remainder when 490 is divided by 55.
50
What is the remainder when 333 is divided by 93?
54
What is the remainder when 318 is divided by 57?
33
Calculate the remainder when 42 is divided by 23.
19
Calculate the remainder when 187 is divided by 109.
78
Calculate the remainder when 24 is divided by 4.
0
What is the remainder when 472 is divided by 49?
31
Calculate the remainder when 126 is divided by 121.
5
What is the remainder when 2135 is divided by 24?
23
What is the remainder when 77 is divided by 27?
23
Calculate the remainder when 403 is divided by 388.
15
Calculate the remainder when 1355 is divided by 20.
15
Calculate the remainder when 365 is divided by 183.
182
Calculate the remainder when 1719 is divided by 49.
4
Calculate the remainder when 26 is divided by 14.
12
What is the remainder when 814 is divided by 403?
8
Calculate the remainder when 2418 is divided by 791.
45
What is the remainder when 344 is divided by 29?
25
What is the remainder when 853 is divided by 15?
13
Calculate the remainder when 609 is divided by 15.
9
Calculate the remainder when 14648 is divided by 198.
194
What is the remainder when 131 is divided by 21?
5
Calculate the remainder when 41 is divided by 11.
8
What is the remainder when 7 is divided by 4?
3
Calculate the remainder when 63 is divided by 17.
12
What is the remainder when 139 is divided by 4?
3
What is the remainder when 107 is divided by 49?
9
What is the remainder when 462 is divided by 18?
12
What is the remainder when 850 is divided by 32?
18
Calculate the remainder when 403 is divided by 14.
11
Calculate the remainder when 15191 is divided by 107.
104
Calculate the remainder when 979 is divided by 317.
28
What is the remainder when 1428 is divided by 37?
22
Calculate the remainder when 1791 is divided by 69.
66
Calculate the remainder when 407 is divided by 24.
23
Calculate the remainder when 611 is divided by 580.
31
Calculate the remainder when 634 is divided by 23.
13
Calculate the remainder when 231 is divided by 113.
5
What is the remainder when 891 is divided by 179?
175
What is the remainder when 346 is divided by 135?
76
Calculate the remainder when 21 is divided by 15.
6
What is the remainder when 9224 is divided by 26?
20
Calculate the remainder when 129 is divided by 6.
3
What is the remainder when 2753 is divided by 26?
23
What is the remainder when 164 is divided by 139?
25
Calculate the remainder when 902 is divided by 298.
8
What is the remainder when 1283 is divided by 23?
18
Calculate the remainder when 13 is divided by 7.
6
What is the remainder when 287 is divided by 14?
7
What is the remainder when 123 is divided by 14?
11
Calculate the remainder when 441 is divided by 141.
18
Calculate the remainder when 417 is divided by 111.
84
What is the remainder when 1185 is divided by 201?
180
What is the remainder when 2166 is divided by 68?
58
Calculate the remainder when 81 is divided by 21.
18
Calculate the remainder when 745 is divided by 53.
3
Calculate the remainder when 40 is divided by 3.
1
What is the remainder when 16014 is divided by 112?
110
Calculate the remainder when 19 is divided by 6.
1
What is the remainder when 2742 is divided by 15?
12
Calculate the remainder when 149 is divided by 19.
16
Calculate the remainder when 1905 is divided by 476.
1
What is the remainder when 138 is divided by 18?
12
What is the remainder when 429 is divided by 105?
9
Calculate the remainder when 56 is divided by 29.
27
What is the remainder when 80 is divided by 13?
2
Calculate the remainder when 318 is divided by 32.
30
What is the remainder when 108 is divided by 60?
48
What is the remainder when 7025 is divided by 10?
5
What is the remainder when 520 is divided by 58?
56
Calculate the remainder when 867 is divided by 58.
55
Calculate the remainder when 721 is divided by 33.
28
Calculate the remainder when 47 is divided by 7.
5
Calculate the remainder when 92 is divided by 32.
28
What is the remainder when 386 is divided by 98?
92
What is the remainder when 106 is divided by 47?
12
What is the remainder when 211 is divided by 95?
21
Calculate the remainder when 605 is divided by 54.
11
Calculate the remainder when 138 is divided by 4.
2
What is the remainder when 124 is divided by 114?
10
Calculate the remainder when 927 is divided by 927.
0
What is the remainder when 130 is divided by 